 -v + 2*m. Suppose 3*x - 5*l - 69 = -2*l, -23 = -x - 3*l. Calculate the greatest common divisor of x and v.
23
Suppose 5*v - 168 = -48. Calculate the highest common divisor of 36 and v.
12
Let o(h) = -h**2 - 17*h - 16. Let v be o(-11). Let n = v - 2. Suppose -z = 2*z - n. Calculate the greatest common divisor of z and 48.
16
Suppose 0 = 5*c - 615 + 225. Let a = 48 + c. What is the greatest common divisor of 14 and a?
14
Let b(i) = i**2 - 11*i + 26. Let o be b(11). What is the highest common divisor of 13 and o?
13
Suppose -5*z + 27 = 2*p - 0*p, -4*z + 21 = p. Suppose z*x - 8 = 17, 5*v = 2*x + 15. What is the greatest common factor of 55 and v?
5
Let v(b) = -2*b + 4. Let g(m) = m**3 + 5*m**2 + 4*m. Let x be g(-3). Let y be v(x). Let i be (-14)/y*-1*-4. What is the highest common factor of 7 and i?
7
Suppose -5*w - 5*m = -20, -m + 5*m = -w + 10. Let i = w - -26. Calculate the greatest common factor of i and 4.
4
Suppose -3*l + 3*w = -81, 5*l - w = 12 + 127. Let g = 196 + l. Calculate the greatest common divisor of g and 28.
28
Let w(b) = -b + 9. Let o be w(5). Let n = 0 - 0. Suppose n*i - 108 = -o*i. What is the highest common divisor of 9 and i?
9
Let s = -176 - -338. Calculate the highest common factor of 18 and s.
18
Let n be -6 + 3 - -5 - -2. Suppose 2*d + 12 = 8*d. What is the highest common divisor of d and n?
2
Let v = 16 + -10. Let i(l) = 6*l**2 - 8*l. Let s be i(v). Suppose a - s = -a. What is the highest common divisor of 14 and a?
14
Let n(b) = -b**2 + 13*b - 15. Let u be n(9). What is the highest common divisor of u and 3?
3
Let a(g) = g**3 - 10*g**2 + 2*g - 13. Let b be a(10). Let k = b - 0. Calculate the greatest common factor of k and 21.
7
Let b be 4 - 40/(2/2). Let w = -16 - b. Calculate the highest common factor of w and 80.
20
Let j = -38 + 53. Let r = -182 - -399. Suppose -2*h = -a - 146, -3*h + r = 2*a - 4*a. Calculate the highest common divisor of h and j.
15
Let t = 26 + -4. What is the highest common divisor of t and 242?
22
Let s be 9/12 + 2/8. Let w(k) = 2*k - 4. Let v be w(6). Calculate the highest common divisor of s and v.
1
Let q be 227 + -1*3/1. Suppose 4*r - r = 6, 5*r = 3*s - q. Calculate the greatest common divisor of s and 52.
26
Suppose -2*l - c + 8 = -56, 128 = 4*l - 2*c. What is the highest common factor of 2 and l?
2
Let p(g) = -g**3 + 7*g**2 - 4*g + 16. Let t be p(4). Calculate the highest common divisor of t and 192.
48
Suppose 0*c - 4 = -4*n + c, 3*n - 18 = -3*c. Suppose q = 5*y - 82, 3 = -n*q + 9. Calculate the greatest common divisor of y and 119.
17
Let z = -37 + 65. Calculate the highest common factor of z and 224.
28
Let n(o) be the third derivative of -7*o**4/24 - 2*o**3/3 - o**2. Let h be n(-3). Calculate the highest common divisor of 51 and h.
17
Suppose 11*g - 10*g = 2. Calculate the highest common divisor of g and 14.
2
Let f be 42/(4/(-24)*-9). Calculate the greatest common divisor of 224 and f.
28
Suppose 0 = 5*j - 14 - 6. Let v be 9*j/3 - 0. Suppose 71 = 2*n + 11. Calculate the greatest common divisor of v and n.
6
Let z = 118 + -78. Suppose 0*q = 3*q - 15. Calculate the greatest common factor of q and z.
5
Suppose 48 = j + 11. Calculate the greatest common divisor of 37 and j.
37
Suppose 5*r - 600 = 4*r. Let o be r/33 - 4/22. Suppose -5*s = 2*u - 141, 0*s + s = u + 24. Calculate the greatest common factor of s and o.
9
Let s = -121 - -75. Let h = s + 172. What is the highest common divisor of h and 18?
18
Let q(h) = -4*h + 3. Let m be q(-7). Let k = m + -18. Let v(i) = i**3 - 10*i**2 + 8*i + 11. Let f be v(10). What is the greatest common divisor of k and f?
13
Suppose 0*m - 3*m + 90 = 0. Let g = -19 - -30. Suppose -m + g = -x. What is the greatest common divisor of x and 57?
19
Let a be 24*1/(3 - 2). Suppose 15 + 57 = 2*c. Calculate the greatest common factor of a and c.
12
Let x = 7 - 4. Let m be (4/(-12))/(x/(-99)). What is the highest common divisor of 1 and m?
1
Let a = -6 + 12. What is the highest common divisor of 12 and a?
6
Let r(i) = -2*i + 12. Let o be r(-4). Let u be ((-8)/6)/((-4)/(-18)). Let b = u - -11. Calculate the greatest common divisor of o and b.
5
Let i = -3 + 5. What is the highest common factor of 3 and i?
1
Suppose 0*b - 63 = -4*b + k, -3*b + 4*k + 44 = 0. Calculate the highest common factor of 128 and b.
16
Let v be 20/6*(-24)/(-16)*6. What is the greatest common divisor of 270 and v?
30
Suppose 36 = 2*y - 0*y. What is the greatest common factor of 12 and y?
6
Let z(o) = 26*o - 2. Suppose -2*k + 2 = -6. Suppose 0 = -k*n + 2*n + 12. Let w be z(n). What is the highest common divisor of 14 and w?
14
Let n = 61 - 34. Let o = -17 + n. Let m(s) = 2*s - 2. Let l be m(o). What is the highest common divisor of 144 and l?
18
Let n be (-198)/(-21) + (-6)/14. Let g = n + -5. Let j be 2*6*g/3. What is the highest common factor of 128 and j?
16
Let g(f) = -2*f**2 - 2*f + f**2 + 2 - 3 - 2*f. Let k be g(-3). Let o = 19 + 3. Calculate the highest common factor of o and k.
2
Suppose -4*s = -5*k - 559 - 14, -140 = -s - 2*k. Suppose 68 = 3*q - s. What is the highest common divisor of q and 28?
14
Let g be (-212)/7 - 4/(-14). Let f be 96/(-9)*g/4. What is the greatest common factor of 10 and f?
10
Let l = 9 - -24. What is the highest common factor of l and 11?
11
Let f be 18*(-5)/(-2) - 1. Let z(x) = -x**2 + 9*x + 6. Let d be z(7). Suppose -5*g + 10*g = d. What is the highest common factor of f and g?
4
Let k(x) = 2*x**3 - 5*x**2 + 2*x - 1. Let d be k(3). What is the highest common divisor of d and 42?
14
Let g = 61 - 1. Calculate the greatest common divisor of 60 and g.
60
Let b be 315*(-4 + -3 + 37/5). What is the greatest common divisor of b and 14?
14
Let l be 666/8 - 9/(-12). Let b be -12*(-2)/(3 - 1). What is the highest common divisor of l and b?
12
Let f be 3/3 + 222/3. Suppose 4*y = y + f. Calculate the highest common divisor of y and 5.
5
Let x(c) = 1 + 6*c**2 - 5*c + 3 - c**3 - 2. Let a be x(5). Suppose -j + 18 = -0*j - 4*p, -14 = -5*j + p. Calculate the greatest common divisor of j and a.
2
Let h(j) be the first derivative of -j**2/2 + 2*j + 1. Let y be h(-1). What is the highest common divisor of 1 and y?
1
Let n be (6/4)/((-38)/(-36) - 1). Calculate the greatest common divisor of n and 108.
27
Let t = 111 + -46. What is the greatest common divisor of t and 13?
13
Let q be -3 - -54*30/(-9). Let j = -106 - q. Calculate the greatest common factor of j and 11.
11
Let v(y) = 2*y + 35. Let h be v(-5). Calculate the highest common factor of h and 1.
1
Let j(o) = 2*o**2 + 11*o + 9. Let d be j(-7). Calculate the greatest common factor of 150 and d.
30
Suppose -76 = -3*l + 4*v, 6*v + 28 = l + 2*v. What is the highest common divisor of 48 and l?
24
Suppose 4*a = 4*k - 151 + 659, -k - 257 = -2*a. What is the highest common factor of 52 and a?
26
Suppose 4*d - 4*l = 636, -5*l + 2 - 149 = -d. Calculate the highest common divisor of d and 18.
18
Let l(k) = -k**2 - 3*k + 9. Let o be l(0). Calculate the highest common factor of o and 99.
9
Let l = -5 - -6. Let s = l - -6. What is the greatest common factor of 77 and s?
7
Let q be (-44 - -4)*4/(-5). Calculate the highest common factor of q and 48.
16
Let p be (-4)/10 - (-47)/5. What is the highest common factor of 81 and p?
9
Let x = 36 - 24. Let c(y) = 4*y**2 + 4*y + 4. Let o be c(4). Calculate the highest common factor of x and o.
12
Suppose -s - 4 = h - 0*h, 3*s = 2*h + 23. Let n = 13 + h. Let i be -1 + (7 - 1) - -1. Calculate the greatest common divisor of i and n.
6
Suppose 0 = 4*h - 11 - 29. Let p(x) = 9*x**2 - 2*x + 11. Let c be p(4). Suppose -c = -5*n + 3. Calculate the highest common factor of h and n.
10
Let h(b) = 4*b**2 + 2*b. Let g be h(-2). What is the greatest common divisor of 108 and g?
12
Let g = 509 - 293. Let q(m) = -m**3 - 9*m**2 - 12*m - 8. Let l be q(-8). What is the highest common divisor of l and g?
24
Let j be 4 - (20/5)/(-4). Calculate the highest common divisor of j and 45.
5
Let c(u) = -u**2 - u + 1. Let m(s) = -6*s**2 - 11*s + 9. Let p(f) = -5*c(f) + m(f). Let q be p(-5). What is the highest common factor of 36 and q?
9
Suppose -2*t = -2 - 2. Let z be -10*(6/10 + 24/(-20)). Calculate the highest common divisor of t and z.
2
Let a(m) = m**3 + 10*m**2 - 10*m + 8. Let u be a(-10). Let b(o) = -o**3 + 7*o**2 -